5. Determine h(0).
35
Let m(c) = c**2 + 4*c + 22. What is m(-5)?
27
Let a(b) = b**3 + 19*b**2 - 18*b + 39. What is a(-20)?
-1
Let x(d) = d - 5. What is x(7)?
2
Let i(j) = 2*j**2 + 15*j + 12. What is i(-7)?
5
Let p(s) = -s**3 + 6*s**2 - 5*s + 4. Give p(5).
4
Let r(u) = -4*u**3 + u**2 - u + 2. What is r(-2)?
40
Let s(m) = 4*m + 35. What is s(-18)?
-37
Let m(t) = 69*t - 273. Calculate m(4).
3
Let g(j) = j**2 + 22*j - 320. Give g(-32).
0
Let p(q) = -q**3 + 5*q**2 + 4*q - 14. Calculate p(3).
16
Let a(z) = 8*z + 8. What is a(-2)?
-8
Let v(f) = -2*f + 3. Give v(-2).
7
Let k(b) = 4*b**2 + 8. Determine k(-2).
24
Let k(b) = b**3 + 7*b**2 + 6*b - 6. Give k(-5).
14
Let k(p) = p**3 - 13*p**2 - 89*p - 11. Determine k(18).
7
Let z(f) = 3*f**2 - 17*f + 8. Give z(5).
-2
Let s(n) = -10*n - 20. Calculate s(-6).
40
Let n(c) = -4*c**3 + 3*c**2 + 2*c - 2. Give n(-2).
38
Let s(q) = -q**2 + 12*q - 9. What is s(11)?
2
Let b(m) = -3*m**2 + 4*m + 3. Determine b(-2).
-17
Let c(o) = 5*o - 14. Give c(2).
-4
Let h(l) = 10*l**2 + 29*l - 7. What is h(-5)?
98
Let w(n) = n**2 - 9*n + 17. Determine w(6).
-1
Let z(p) = p**3 - 9*p**2 - 11*p - 3. Calculate z(10).
-13
Let c(v) = -v**3 - 14*v**2 + 31*v. Give c(-16).
16
Let h(x) = x + 33. What is h(-23)?
10
Let l(w) = -9*w**2 + 161*w + 12. What is l(18)?
-6
Let p(n) = n**3 - 6*n**2 - 2*n - 1. Calculate p(6).
-13
Let j(x) = 10*x + 1. Determine j(3).
31
Let g(x) = 2*x**2 + 22*x - 199. Give g(-17).
5
Let g(z) = z**3 - 27*z**2 + 54*z - 94. Give g(25).
6
Let i(f) = -37*f - 3. Determine i(2).
-77
Let k(w) = 2*w**3 - 3*w**2 - w. Determine k(-1).
-4
Let a(w) = -20*w**2 - 140*w - 7. Determine a(-7).
-7
Let b(l) = -l**3 - 4*l**2 + 11*l - 1. What is b(-6)?
5
Let d(f) = -4*f + 27. What is d(0)?
27
Let j(f) = 3*f**2 - 2. Calculate j(-2).
10
Let w(d) = -d**3 + 6*d**2 - 10*d + 19. Calculate w(5).
-6
Let f(m) = 2*m**2 - 24*m + 24. Give f(11).
2
Let b(t) = t**3 - 7*t**2 + 4*t + 9. Calculate b(7).
37
Let u(v) = -2*v**3 + v**2 + 2*v + 1. Calculate u(2).
-7
Let x(v) = 7*v + 31. What is x(-4)?
3
Let d(k) = 2*k**2 + 6*k - 14. Calculate d(-5).
6
Let y(n) = -n**3 + 7*n**2 - 4*n - 9. Determine y(6).
3
Let p(k) = -k**3 - 6*k**2 - 6*k + 1. Determine p(-5).
6
Let a(l) = l**2 - l - 65. What is a(-8)?
7
Let f(y) = -y**3 - 21*y**2 + 47*y + 31. What is f(-23)?
8
Let q(t) = -4*t - 5. Determine q(-3).
7
Let m(f) = 2*f - 11. Determine m(6).
1
Let p(f) = -f**2 + 47. Calculate p(7).
-2
Let v(c) = 3*c**3 - 3*c**2 + 7*c - 9. Calculate v(2).
17
Let y(x) = x**2 - 1. Calculate y(5).
24
Let v(j) = -3*j**3 + j**2 - 2*j + 1. Calculate v(-2).
33
Let w(b) = b**2 - 8*b - 19. Determine w(10).
1
Let g(t) = -t + 4. Determine g(-2).
6
Let j(i) = 4*i - 70. What is j(16)?
-6
Let l(a) = -a**2 + 8*a + 11. Calculate l(6).
23
Let q(d) = -d**3 + 3*d**2 + 3*d - 1. Determine q(-2).
13
Let p(i) = i**3 - 8*i**2 + 4*i + 7. Determine p(8).
39
Let h(w) = 22*w + 6. Determine h(2).
50
Let p(i) = -3*i - 4. Calculate p(0).
-4
Let y(q) = 13*q**2 - 14*q + 11. Give y(2).
35
Let s(j) = j**3 + 17*j**2 + 18*j + 16. What is s(-16)?
-16
Let y(v) = v**3 + 5*v**2 - v - 1. Give y(-5).
4
Let i(j) = 2*j**3 - 13*j**2 + 5*j + 4. What is i(6)?
-2
Let m(n) = -n + 34. What is m(0)?
34
Let h(w) = 4*w - 15. What is h(-14)?
-71
Let d(w) = w**2 + 3*w - 12. Give d(-4).
-8
Let j(k) = -k**3 - 14*k**2 - 2*k - 6. What is j(-14)?
22
Let j(s) = 2*s + 13. Determine j(-10).
-7
Let c(y) = 3*y - 41. Calculate c(13).
-2
Let s(n) = n**2 + 6*n - 1. What is s(-7)?
6
Let v(f) = -f**3 - 4*f**2 + 8*f + 6. Calculate v(-5).
-9
Let t(o) = -o**3 + 7*o**2 - o + 10. What is t(9)?
-161
Let m(w) = w**2 + 5. What is m(0)?
5
Let j(c) = 2*c**2 + 15*c + 21. Calculate j(-9).
48
Let r(x) = -22*x + 36. Give r(2).
-8
Let m(i) = -5*i - 53. Determine m(19).
-148
Let r(u) = u**2 + 8*u - 11. What is r(-10)?
9
Let k(l) = -8*l**2 + 23*l + 2. What is k(5)?
-83
Let p(q) = 2*q**2 + q + 13. What is p(0)?
13
Let q(o) = -o**3 + 9*o**2 - 45*o + 226. What is q(7)?
9
Let g(z) = -z**3 + 4*z**2 + 34*z - 10. What is g(8)?
6
Let t(p) = p**2 + p + 11. Give t(6).
53
Let y(u) = -18*u + 93. Determine y(5).
3
Let p(b) = -13*b + 247. Determine p(19).
0
Let c(w) = 4*w + 7. Give c(-6).
-17
Let h(d) = 4*d - 6. Determine h(2).
2
Let p(q) = -19*q - 718. Determine p(-38).
4
Let s(k) = k**2 + 20*k + 83. Give s(-7).
-8
Let u(v) = 2*v**3 + 5*v**2 + 7*v + 1. Calculate u(-3).
-29
Let c(d) = -d**3 + 6*d**2 - 4*d + 3. Calculate c(5).
8
Let g(q) = -18*q + 21. What is g(2)?
-15
Let g(n) = -2*n**2 - 11*n - 12. Give g(-8).
-52
Let y(u) = u**2 - 12*u + 6. Give y(12).
6
Let f(j) = j + 8. Give f(-13).
-5
Let x(w) = -2*w + 32. Determine x(23).
-14
Let l(m) = m**3 + 9*m**2 - 11*m - 6. Determine l(-10).
4
Let y(z) = z**2 - 7*z - 14. Calculate y(12).
46
Let y(b) = b**2 + 18*b + 4. What is y(-17)?
-13
Let t(f) = -6*f - 9. What is t(-11)?
57
Let r(o) = -o**2 - 7*o + 6. Calculate r(-7).
6
Let d(z) = z**3 - 7*z**2 - 8. Calculate d(0).
-8
Let z(h) = h**3 - 11*h**2 + 18*h + 1. Give z(9).
1
Let y(s) = -s**2 + 3*s - 1. Determine y(-3).
-19
Let p(i) = i**3 - 3*i**2 - i - 5. What is p(5)?
40
Let h(n) = n**2 + 3*n - 6. Give h(-7).
22
Let l(z) = 65*z + 4. Calculate l(-3).
-191
Let i(l) = 21*l**2 - 2*l - 2. Calculate i(-2).
86
Let u(b) = 7*b - 345. What is u(49)?
-2
Let u(m) = m**2 + 6*m - 5. Calculate u(-8).
11
Let o(x) = 2*x + 4. Determine o(5).
14
Let f(l) = 38*l - 4. Determine f(-2).
-80
Let w(l) = -l**2 + 3*l + 2. Give w(5).
-8
Let k(t) = 2*t**3 - 13*t**2 - 7*t - 2. Calculate k(7).
-2
Let q(p) = -6*p**2 - 4*p - 3. Determine q(-2).
-19
Let r(i) = -3*i**3 - i**2 - i. Determine r(-1).
3
Let w(s) = 2*s**2 - 3*s + 2. Give w(4).
22
Let x(l) = -4*l + 19. What is x(3)?
7
Let m(q) = -q**3 + 14*q**2 + 12*q - 16. Calculate m(15).
-61
Let n(x) = -5*x - 2. What is n(0)?
-2
Let s(g) = -25*g - 1060. Determine s(-42).
-10
Let s(m) = -m**2 - 10*m - 17. Calculate s(-8).
-1
Let f(v) = v**2 - 10*v + 5. Give f(6).
-19
Let m(w) = -5*w - 35. What is m(-7)?
0
Let t(z) = -10*z**3 + z. Calculate t(1).
-9
Let o(q) = q**3 + 9*q**2 - 3*q - 26. What is o(-9)?
1
Let o(u) = 4*u**3 - u**2 + u. Give o(2).
30
Let g(y) = -y**3 - 2*y**2 + 15*y - 33. What is g(2)?
-19
Let x(l) = 4*l**2 + 17*l + 10. What is x(-3)?
-5
Let s(n) = n**2 - 4*n + 5. Give s(4).
5
Let x(q) = -q + 3. Give x(-11).
14
Let f(n) = n**2 + 11*n - 43. Determine f(-13).
-17
Let i(h) = -2*h**2 - 5*h - 4. Calculate i(-5).
-29
Let f(a) = a**3 - 14*a**2 - 18*a + 22. Determine f(15).
-23
Let z(v) = -32*v + 11. Give z(-1).
43
Let k(v) = -v**3 + 7*v**2 + 19*v - 16. Calculate k(9).
-7
Let l(h) = 4*h**3 - 65*h**2 + 18*h - 38. What is l(16)?
-6
Let q(b) = -37*b + 252. Give q(6).
30
Let l(t) = -31*t - 94. Calculate l(-3).
-1
Let l(c) = c**3 + 26*c**2 + 4. What is l(-26)?
4
Let m(l) = 4*l**2 - 37*l + 33. Calculate m(8).
-7
Let x(m) = m - 29. Calculate x(28).
-1
Let q(x) = x**2 - 6*x + 22. Determine q(3).
13
Let w(l) = l**2 + 13*l - 24. What is w(-15)?
6
Let h(c) = -68*c**3 - 2*c**2 - c. Determine h(-1).
67
Let f(x) = -2*x**2 + 34*x - 67. Determine f(14).
17
Let c(r) = 42*r - 10. Determine c(2).
74
Let g(i) = 4*i - 6. Determine g(6).
18
Let x(a) = 2*a**3 - a**2 - a. Determine x(-2).
-18
Let h(p) = -21*p**2 + p + 1. Give h(2).
-81
Let b(x) = 3*x - 22. What is b(-25)?
-97
Let v(g) = -15*g - 3. Calculate v(2).
-33
Let o(f) = 41*f - 614. Determine o(15).
1
Let x(g) = 3*g + 1. What is x(3)?
10
Let f(j) = -j**3 - 7*j**2 - 8*j - 13. Calculate f(-6).
-1
Let c(i) = -i**3 + 23*i**2 + 28*i - 88. Determine c(24).
8
Let j(a) = -a**2 - 2*a + 4. Calculate j(4).
-20
Let t(g) = -3*g**3 - 97*g**2 - 30*g + 59. Give t(-32).
-5
Let c(v) = 2*v**2 - 90*v + 172. What is c(43)?
0
Let i(c) = 15*c + 7. Determine i(-3).
-38
Let c(f) = -7*f - 14. Determine c(-2).
0
Let o(x) = -6*x - 22. What is o(8)?
-70
Let s(u) = -u**2 - 7*u - 5. What is s(-5)?
5
Let n(c) = c**2 - 5*c - 9. Give n(8).
15
Let o(y) = 16*y + 18. What is o(-1)?
2
Let l(s) = -5*s**2 + 140*s + 20. What is l(28)?
20
Let z(f) = 4*f - 1. Determine z(-4).
-17
Let p(g) = 8*g + 1. Calculate p(2).
17
Let y(i) = 27*i**2 - 4*i + 2. Calculate y(1).
25
Let y(c) = -c - 2. Calculate y(6).
-8
Let o(h) = h**2 - h + 6. Give o(0).
6
Let c(b) = 4*b**3 - b**2 - b - 1. Give c(2).
25
Let u(v) = -v**3 - 2*v**2 + 2*v + 3. Give u(-3).
6
Let j(b) = b**2 + 8*b - 7. Give j(-8).
-7
Let h